 = 3*v - 0*v. Let i = 96 + v. What is the tens digit of i?
4
Let m(a) = -91*a + 14. What is the units digit of m(-5)?
9
Let n(i) = -425*i + 213. What is the hundreds digit of n(-6)?
7
Let a = 432 + 67. What is the tens digit of a?
9
Let b = -9 - -11. Suppose 3*d + 4*o = 90, d = -b*o + 12 + 18. What is the units digit of -3*-6*d/27?
0
Let w be (5 - -132*11) + (-2)/1. Suppose 0 = -0*q + 15*q - w. What is the tens digit of q?
9
Suppose -20*t = 4724 - 62904. What is the hundreds digit of t?
9
Suppose 13*z - 39 = -13. Suppose 2*t - z*g - 72 = 0, -4*t = -3*g + 2*g - 144. What is the tens digit of t?
3
Let g(h) = -h**3 - 8*h**2 + 2*h + 16. Let d be g(-8). Suppose z - 104 = -d*z. What is the tens digit of z?
0
Suppose -c + 2*n - 1 = -9, -2*n - 12 = -3*c. Let p be 4 - (c + -2 - -1). Suppose p*m + 2 = 4*m. What is the units digit of m?
2
Let b(y) be the third derivative of 13*y**4/24 + 7*y**3/6 - 3*y**2. Let r be b(-11). Let w = -75 - r. What is the tens digit of w?
6
Suppose -9*q + 6*q - 5*m = -4027, -4*q + 5381 = -5*m. What is the thousands digit of q?
1
Let d be (-11 - 1)*91/(-26). Suppose -242 = -4*y - d. What is the units digit of y?
0
Let y(l) = 6*l**3 + 21*l**2 + 5*l - 9. Let j(r) = 4*r**3 + 14*r**2 + 3*r - 6. Let u(i) = -8*j(i) + 5*y(i). What is the units digit of u(-5)?
3
What is the hundreds digit of 1 - 7 - (-1824 - 56)?
8
Suppose 0 = 13*a - 19938 - 6283. What is the tens digit of a?
1
Suppose 87090 = 28*c + 30586. What is the tens digit of c?
1
Suppose 0 = -4*m + 4*p + 396, 2*m - 158 = 3*p + 36. Let g = -62 + m. What is the units digit of g?
1
Let f(d) = -80*d + 1. Let u = 12 + -13. Let s be f(u). Suppose 2*x + y - s = 6*y, 5*y = x - 48. What is the units digit of x?
3
Let n = -4492 + 9840. What is the tens digit of n?
4
Suppose -h + 4 = -5*f + 7, -h = -4*f + 3. Suppose f = -s - s + 28. What is the units digit of s?
4
Let k(s) = -5*s - 7. Let v be k(-3). Suppose -2*z + v + 2 = 0. Suppose -z*c + 4*c = -1. What is the units digit of c?
1
Suppose 2*f + 63 = -3*r, -2*f - f = -2*r - 29. Let q = -12 - r. What is the tens digit of q/(21/144) - 2?
4
Suppose -4*i = -4, -11*v + 4*i = -8*v - 2042. What is the tens digit of v?
8
Suppose 0 = 3*x - 9, -2*x + 9 = -o + 2*o. Suppose -6*s = -2*s - 4, -o*v + 4*s = -29. Let z = 12 - v. What is the units digit of z?
1
Suppose -13835 = -5*x + 227*u - 229*u, -3*u = 2*x - 5534. What is the tens digit of x?
6
Let g = -1440 - -2773. What is the tens digit of g?
3
Suppose -2*d + n = -1351, -9*d + 11*d - 1354 = -2*n. What is the hundreds digit of d?
6
Let h = -3413 - -6637. What is the thousands digit of h?
3
Suppose 2*b = 3*s - 0*s + 13, -4*s = -2*b + 16. Suppose 5*l = b*i + 9, -4*l + 4*i = -3*l + 9. What is the units digit of l?
3
Suppose 4*d = q + 14, -7*d = 3*q - 2*d - 43. Let j(u) = u**2 - 4*u - 12. Let x be j(q). What is the units digit of (-1 - x) + (-18)/(-6)?
2
Suppose -6*y - 10608 = -40*y. What is the units digit of y?
2
Let c be 106/8 + (-7)/28. Let p = -13 + c. Suppose p = -q - 0 + 11. What is the units digit of q?
1
Suppose -5 - 15 = -4*r. Suppose -r*q - 4 = 121. What is the units digit of (30/q)/((-8)/60)?
9
Let c = 26 - 5. Let b be 38/6 - 7/c. What is the units digit of -1 - ((3 - b) + -3)?
5
Let o(m) = 2*m - 12. Let u(n) = 3*n - 25. Let k(a) = 13*o(a) - 6*u(a). What is the units digit of k(2)?
0
What is the units digit of (-11902)/(-18) + 175/63 + -3?
1
Let o = -469 - -1078. What is the units digit of o?
9
Suppose -8*r + 7 = -25. Suppose -2*u = r*f - 3*u - 295, 0 = -f - u + 70. What is the units digit of f?
3
Suppose -4*o - 3 = -o, f - o - 5 = 0. Suppose 0 = f*q - 66 + 2. What is the tens digit of q + 1 + (-12)/(-6)?
1
Let a(y) = y**2 - 18*y - 55. What is the units digit of a(-4)?
3
Let b(k) = -k - 4. Let o be b(-5). Suppose -o = -l + 1. Suppose -2*x + 168 = 3*a, -a + l*x - 284 = -6*a. What is the units digit of a?
8
Suppose -2 = -2*a, -a = 4*u + 4 + 7. What is the tens digit of (-1)/u - 604/(-6)?
0
Let u be 12/(8 - 2) - -3. Let x = u - -196. What is the tens digit of x?
0
Suppose 0 = -9*j - 15*j + 11712. What is the units digit of j?
8
What is the tens digit of 9/6*70/(-21) + 759?
5
Let d(t) be the first derivative of 4*t**3/3 - t**2/2 + 4*t - 3. Let y be d(3). Suppose -2*z + y = -39. What is the tens digit of z?
3
Let n(v) = 2*v**2 + 2*v - 3. Let f(l) = -l**2. Let j = -8 - -7. Let d(c) = j*n(c) - 3*f(c). What is the tens digit of d(-6)?
5
Suppose -2*b = w - 12 - 24, -2*b + 3*w = -36. Let v = 33 - b. Suppose v + 1 = q. What is the units digit of q?
6
Suppose 4*p + 0*p + 3*v - 63 = 0, 5*p - 74 = v. Suppose 5*m - 3*s + 31 = 0, -2*s = 5*m + 3*s + p. What is the units digit of (-6)/((30/8)/m)?
8
Suppose -7*f + 2697 + 3701 = 0. What is the hundreds digit of f?
9
Let k(q) = -q**2 - 3*q - 2. Let z be k(4). Let j = z - -3. Let n = j + 60. What is the units digit of n?
3
Let p = 0 + 1. What is the tens digit of 0 - (-2 - 10 - p)?
1
Let z(u) = -u**2 - 5*u + 2. Let v be z(-6). Let i be 6/v - 23/(-2). What is the tens digit of 36 + -5*(-4)/i?
3
Let n(f) = -2*f**2 - 15*f - 14. Let w be n(-6). Suppose a - b + 8 = 3*a, -2*a + 2*b = w. What is the units digit of a?
2
Let c be 1/4 + (-1602)/(-24). Suppose 3*h = n + h - c, -5*n + 305 = -4*h. What is the units digit of n?
7
What is the hundreds digit of ((-9)/4)/((-6)/2264)?
8
What is the units digit of (-9)/12 - ((-28920)/32 - -1)?
2
Let p(l) = -210*l - 2. Let y be p(2). Let i = -250 - y. Let q = i + -102. What is the units digit of q?
0
Suppose -2*q - 2*q + 2*n = -322, -5*q = -n - 410. Let l = 151 - q. What is the units digit of l?
8
Suppose 0*y - 3 = -y. Let n(f) = y - 2*f + 6*f**2 - 7 - 2 + f**3. What is the units digit of n(-6)?
6
Let f be (1 - -1)*52/8. Suppose 15*q - f*q = -18. What is the units digit of 12/(-54) - 281/q?
1
Let r(h) = -2*h + 29. Let f(l) = l - 15. Let j(s) = 5*f(s) + 3*r(s). Let t be j(15). What is the tens digit of 2 - (-18 - (t + 5))?
2
Let l = -5 - -19. Let s = l + -4. Let f = s - -13. What is the units digit of f?
3
Suppose m + 0 = 4. Suppose l - 345 = -m*i, 0*l - l = 3*i - 259. What is the units digit of i?
6
Let k be (-1 + (-9)/(-6))*4. Suppose k*l - 4 = 0, 4*l - l = 5*v - 374. What is the units digit of v?
6
Suppose 0 = -5*x + 489 + 86. Let d = x - 80. What is the tens digit of d?
3
Suppose 3*n = 7*n - 12. Suppose 0 = -n*z - z + 592. Suppose 0 = -i + 5*i - z. What is the units digit of i?
7
Let j(f) = -153*f**2 - 2*f + 9. Let m(t) = -230*t**2 - 3*t + 14. Let a(w) = -8*j(w) + 5*m(w). What is the units digit of a(1)?
3
Suppose k - 6 = -r, -3 = -2*k + 2*r + 1. Suppose 484 = k*p + 3*g, -3*p + 6*g = 2*g - 363. What is the units digit of p?
1
Suppose -4*j + 20 = j. Suppose 3*n - 3*t = 0, j*n + 18 = n - 3*t. Let o(q) = -6*q - 1. What is the units digit of o(n)?
7
Suppose 4*l + 76 = -2*q, 0 = 2*q - 0*q + 8. Let r = l + 19. Suppose 5*n + 5*w + 0*w = 215, -r*w = n - 44. What is the tens digit of n?
4
Let c(s) be the first derivative of -s**4/4 + 10*s**3/3 - 5*s**2/2 - 8*s + 14. What is the tens digit of c(9)?
2
What is the tens digit of (1416/5)/((-15)/(-50))?
4
Suppose -1 = 2*h + 5. Let t = -1 - h. Suppose t*n = 29 + 19. What is the units digit of n?
4
What is the tens digit of ((-12740)/39)/(-1 - 6/(-9))?
8
Suppose 0*t = -5*t + 105. Suppose 20 = 314*i - 315*i. Let c = t + i. What is the units digit of c?
1
Suppose 0 = -3*j + 4*m - 84, j + 112 = -3*j + 3*m. Let y = j - -91. What is the units digit of y?
3
Suppose 4 = -f, 732 = -b + 6*b + 2*f. Suppose 5*z - z = b. What is the tens digit of z?
3
Let x(o) = 10*o + 149. What is the tens digit of x(9)?
3
Let x(r) = -16*r - 49. What is the hundreds digit of x(-18)?
2
What is the units digit of (-32 + 36)*17/2?
4
What is the tens digit of (0 + (-145)/15)*(-108)/3?
4
Let u(r) = -17*r**3 - 4*r**2 - 2*r - 6. Let z be u(-3). Suppose -3*v = 4*n - 772, v + z = 3*n - 169. What is the tens digit of n?
9
Let k(n) = -3*n + 163. What is the units digit of k(5)?
8
Let a(o) = o**2 + 5*o - 1. Let q be a(-6). Let n = 530 + -527. Suppose r + 2*c - 200 = -n*r, -2*r + 92 = q*c. What is the units digit of r?
1
Let c = 29 + -30. What is the units digit of (c - 2)/(15/(-355))?
1
What is the hundreds digit of (-752)/32*(-5)/((-10)/(-208))?
4
Suppose -3*z - 1 = r, 4*z - z + 31 = 5*r. Let w = 7 + z. Suppose -w*i - 25 = -4*g,